 2*x**2 + 171*x + 2430. Determine j(-18).
0
Let v(h) = 40*h**2 + 1070*h - 277. Calculate v(-27).
-7
Let v(t) = -30*t + 89. Calculate v(0).
89
Let o(f) = f**2 + 302*f - 1214. What is o(4)?
10
Let w(l) = 4*l**3 - 6*l**2 + 4*l - 14. What is w(4)?
162
Let d(w) = 2*w**2 + 46*w + 202. Determine d(-17).
-2
Let o(p) = -p**2 - 1344*p + 25897. Determine o(19).
0
Let n(u) = -4*u**3 - 41*u**2 - 25*u - 143. Calculate n(-10).
7
Let u(z) = -4*z**3 + 3*z**2 + 13*z + 41. Calculate u(-4).
293
Let b(s) = 6*s**2 - 56*s - 12. Determine b(11).
98
Let c(m) = -7*m**3 - 51*m**2 - 95*m - 16. What is c(-4)?
-4
Let k(l) = -1065*l + 21303. Give k(20).
3
Let j(d) = 68*d + 1301. Determine j(-30).
-739
Let j(b) = 13*b - 11. What is j(3)?
28
Let h(p) = -6*p + 126. What is h(27)?
-36
Let v(s) = 50*s + 560. What is v(-4)?
360
Let m(n) = n**3 - 7*n**2 - 191*n + 86. Determine m(-11).
9
Let w(f) = 6*f - 311. Determine w(-35).
-521
Let g(i) = -i**3 + 34*i**2 + 41*i - 2436. What is g(33)?
6
Let a(n) = -38*n + 58. What is a(3)?
-56
Let t(r) = -3*r**2 - 8*r + 22. What is t(-5)?
-13
Let i(r) = r**3 - 5*r**2 - 22*r. Give i(8).
16
Let c(n) = -n**2 - 5*n + 19. What is c(-4)?
23
Let t(w) = w**3 - 13*w**2 + 18*w + 52. What is t(11)?
8
Let g(u) = 3*u**3 + 34*u**2 + 30*u - 36. What is g(-10)?
64
Let f(w) = 7*w**3 - 45*w**2 - w + 118. Determine f(6).
4
Let x(h) = 6*h**2 - 400*h - 99. Calculate x(67).
35
Let a(u) = -2*u + 48. Determine a(-25).
98
Let t(r) = -r**3 - 5*r**2 - 9*r + 40. Determine t(3).
-59
Let h(w) = -w**2 + 35*w - 24. Determine h(36).
-60
Let w(h) = -h**2 - 154*h + 8. Determine w(0).
8
Let z(w) = 11*w - 88. Determine z(-6).
-154
Let f(t) = -3*t**2 + 403*t + 14586. What is f(164)?
-10
Let l(v) = 128*v + 3603. What is l(-28)?
19
Let w(h) = -2*h**3 - 41*h**2 + 7*h - 10. What is w(-21)?
284
Let o(v) = 46*v**2 + 251*v. What is o(-4)?
-268
Let a(j) = -314*j - 307. Determine a(-1).
7
Let v(o) = -805*o - 1151. Determine v(-2).
459
Let r(v) = v**3 - 43*v**2 + 221*v + 68. What is r(37)?
31
Let b(k) = 2*k**3 + 27*k**2 + 91*k + 36. Calculate b(-8).
12
Let z(b) = b**3 - 5*b**2 + 8*b + 6. Calculate z(3).
12
Let h(a) = 110*a + 2311. Determine h(-21).
1
Let g(r) = r**3 + 33*r**2 - 599*r - 48. Calculate g(-46).
-2
Let h(a) = -6*a**2 + 34*a + 962. Calculate h(-10).
22
Let n(r) = -r + 66. Determine n(2).
64
Let d(a) = 7804*a + 93647. Calculate d(-12).
-1
Let w(j) = -2*j**3 + 34*j**2 + 71*j - 6. Determine w(-2).
4
Let d(h) = 4*h**2 + 88*h + 8. Give d(-21).
-76
Let x(z) = -4*z**2 - 356*z - 5331. Calculate x(-70).
-11
Let o(z) = 313*z + 6659. Determine o(-21).
86
Let x(q) = 136*q - 2310. Calculate x(17).
2
Let j(h) = -1249*h + 6242. What is j(5)?
-3
Let n(h) = h**2 - 126*h - 1088. Calculate n(-8).
-16
Let x(r) = -3*r**3 + 777*r**2 - 1538*r - 1022. Determine x(257).
6
Let i(k) = -11*k - 142. Calculate i(-54).
452
Let t(r) = 453*r + 121852. What is t(-269)?
-5
Let u(l) = 2*l**3 + 79*l**2 - 25*l - 44. Give u(-40).
-644
Let a(q) = -q**2 + 23*q - 113. Calculate a(9).
13
Let p(c) = -23*c - 59. What is p(16)?
-427
Let r(h) = 49*h - 93. Give r(3).
54
Let c(u) = -890*u - 1778. Determine c(-2).
2
Let j(b) = 8*b**2 + 354*b - 278. What is j(-46)?
366
Let g(h) = -h**2 - 181*h - 7145. Give g(-58).
-11
Let z(n) = 3*n + 262. Calculate z(-73).
43
Let v(m) = -2*m + 216. Calculate v(47).
122
Let z(r) = -211*r - 2311. What is z(-11)?
10
Let m(y) = 43*y - 233. Calculate m(5).
-18
Let d(q) = q**3 - 10*q**2 - 90*q - 74. Give d(-5).
1
Let w(m) = -16*m - 856. Give w(-52).
-24
Let n(q) = q**3 - 11*q**2 - 19*q + 296. Calculate n(6).
2
Let p(q) = -526*q + 261947. Calculate p(498).
-1
Let o(p) = -364*p + 1301. Give o(3).
209
Let r(b) = 2*b + 77. Give r(-36).
5
Let b(z) = -z**2 - 44*z + 237. Determine b(5).
-8
Let b(m) = m**3 - 19*m**2 - 29*m + 64. Determine b(20).
-116
Let v(m) = 10*m + 9. Determine v(-1).
-1
Let u(k) = 2*k**2 + 8*k - 58. What is u(-8)?
6
Let a(v) = v**2 - 1401*v + 15278. Determine a(11).
-12
Let k(m) = 434*m - 6961. Determine k(16).
-17
Let b(w) = 3704*w + 11109. Determine b(-3).
-3
Let c(x) = -10*x**2 + 333*x - 1425. What is c(28)?
59
Let b(w) = -351*w - 1781. Give b(-5).
-26
Let g(u) = -133*u - 24463. Determine g(-184).
9
Let z(k) = 2*k**3 + 41*k**2 - 24*k - 47. Give z(-21).
16
Let a(v) = 25*v**2 - 13. What is a(4)?
387
Let i(k) = 22*k - 10. What is i(-5)?
-120
Let q(o) = 46*o**2 - 12742*o + 12. Calculate q(277).
12
Let h(u) = u**2 - 10003*u + 69967. Give h(7).
-5
Let x(s) = -14*s**2 + 6*s - 39. Calculate x(4).
-239
Let p(o) = 3*o + 196. Calculate p(-51).
43
Let y(g) = -15*g - 755. Calculate y(16).
-995
Let u(l) = l**2 - 51*l + 415. Determine u(42).
37
Let d(g) = -88*g - 982. What is d(-11)?
-14
Let g(z) = 445*z - 3208. What is g(7)?
-93
Let v(o) = o**3 + 5*o**2 - 61*o + 39. Determine v(-11).
-16
Let u(d) = 72*d + 684. Determine u(-13).
-252
Let m(t) = 44*t + 7. Give m(7).
315
Let q(t) = t**3 - 6*t**2 - t - 4. What is q(-3)?
-82
Let m(h) = -h**2 + h + 136. Give m(-11).
4
Let d(o) = 259*o - 79246. Determine d(306).
8
Let i(d) = -d**3 + 120*d**2 - 13*d + 1559. Determine i(120).
-1
Let a(d) = -d**3 + 5*d**2 - 35*d + 118. What is a(4)?
-6
Let u(s) = 38*s**2 - 303*s - 9. Calculate u(8).
-1
Let l(m) = -2189*m - 17517. Calculate l(-8).
-5
Let c(l) = 3*l**2 + 24*l + 37. Determine c(-7).
16
Let x(d) = -d**3 + 3*d**2 + 39*d - 74. Calculate x(7).
3
Let q(a) = 5*a**3 - 72*a**2 + 118*a - 1268. Calculate q(14).
-8
Let s(n) = 4302*n + 8606. Calculate s(-2).
2
Let z(t) = 5*t**2 + 155*t + 157. Give z(-1).
7
Let c(x) = 5*x**2 - x + 259. Calculate c(0).
259
Let o(u) = -u**3 + 66*u**2 + 131*u + 3. What is o(-2)?
13
Let s(r) = -r**3 - 23*r**2 - 2*r - 67. Give s(-23).
-21
Let z(n) = -5*n**2 + 168*n - 86. What is z(33)?
13
Let g(m) = -1648*m + 8220. Calculate g(5).
-20
Let r(y) = -y**2 - 17*y + 5033. Calculate r(-80).
-7
Let x(g) = 2*g**3 + 14*g**2 + 3*g - 4. Give x(-6).
50
Let u(q) = -207*q - 204. Determine u(-1).
3
Let o(i) = -i**3 + 38*i**2 - 6*i - 2409. What is o(36)?
-33
Let d(w) = -2*w**3 + 65*w**2 + 61*w - 3. Determine d(-1).
3
Let k(v) = -v**3 + 30*v**2 + 19*v - 1267. Give k(29).
125
Let n(g) = 100*g - 9957. Determine n(99).
-57
Let u(c) = 1616*c - 8115. Calculate u(5).
-35
Let g(m) = 4*m**2 + 63*m - 877. Determine g(-24).
-85
Let g(n) = 8*n + 295. Give g(0).
295
Let r(o) = -12*o**2 - 1106*o - 182. Calculate r(-92).
2
Let s(o) = -10556*o + 21114. Give s(2).
2
Let g(t) = t**3 + 26*t**2 - 64*t - 110. Determine g(-28).
114
Let u(w) = -w**3 - 9*w**2 + 5*w + 57. Calculate u(-9).
12
Let a(j) = -91*j**2 - 267*j + 18. Determine a(-3).
0
Let h(s) = 5*s**2 + 1551*s - 12404. What is h(-318)?
-2
Let a(z) = z**3 + 11*z**2 + 14*z - 26. Calculate a(-3).
4
Let l(j) = j**3 - 6*j**2 - 15*j - 5. Calculate l(8).
3
Let n(b) = 144*b**3 - 4*b**2 + 65*b - 63. Calculate n(1).
142
Let j(u) = -3*u**2 - 51*u + 41. Determine j(-18).
-13
Let z(b) = b**3 + 36*b**2 + 44*b - 12. Give z(-35).
-327
Let f(y) = y**3 - 4*y**2 - 8*y - 20. Determine f(6).
4
Let t(r) = -r**2 + 20*r + 107. Calculate t(25).
-18
Let u(c) = 378*c - 6801. Give u(18).
3
Let x(h) = -h**2 + 44*h - 319. Determine x(27).
140
Let n(u) = u**3 + 2*u**2 - 163*u - 490. Determine n(-3).
-10
Let m(o) = 3044*o + 30498. Calculate m(-10).
58
Let u(a) = -5*a**3 - 12*a**2 + 33*a + 68. Give u(-2).
-6
Let u(z) = z**3 + 4*z**2 - 72*z - 336. Determine u(-7).
21
Let d(z) = 2*z**3 - 7*z**2 - 25*z + 52. Determine d(-4).
-88
Let d(p) = 3*p**3 - 2*p**2 - 13*p + 3. Calculate d(-4).
-169
Let b(v) = v**2 - 10*v - 4524. What is b(74)?
212
Let q(v) = -3*v**3 + 194*v**2 + 1825*v - 24. Calculate q(73).
-24
Let g(a) = 672*a - 68536. What is g(102)?
8
Let r(n) = 2*n**2 + 131*n - 195. Calculate r(-67).
6
Let s(k) = k**2 - 40*k + 372. Give s(14).
8
Let v(k) = 2*k**3 + 30*k**2 - 31*k + 34. Determine v(-16).
18
Let j(y) = 346*y - 708. Determine j(2).
-16
Let x(g) = g**3 + 11*g**2 + 19*g + 45. Determine x(-10).
-45
Let g(t) = -6*t**3 + 155*t**2 + 27*t + 106. Give g(26).
132
Let w(k) = k**3 + 122*k**2 + 4*k + 354. What is w(-122)?
-134
Let l(j) = -45*j**2 + 222*j + 2. What is l(5)?
-13
Let r(z) = 23*z - 1745. Determine r(76).
3
Let y(l) = l**3 - 7*l**2 - 4*l + 56. Determine y(7).
28
Let w(d) = 36*d + 2578. Give w(-72).
-14
Let s(h) = 2*h**2 - 116*h + 334. Calculate s(55).
4
Let h(j) = -25*j**3 - 50*j**2 - 48*j. Determine 